{"id":10395,"date":"2026-02-05T11:34:55","date_gmt":"2026-02-05T14:34:55","guid":{"rendered":"https:\/\/www.casanunez.com.ar\/catalogo\/?post_type=product&#038;p=10395"},"modified":"2026-02-05T11:34:55","modified_gmt":"2026-02-05T14:34:55","slug":"gazebo-tunez","status":"publish","type":"product","link":"https:\/\/www.casanunez.com.ar\/catalogo\/producto\/gazebo-tunez\/","title":{"rendered":"Gazebo Tunez"},"content":{"rendered":"<h4>Caracter\u00edsticas: Gazebo Tunez<\/h4>\n<h4>\ud83c\udf27\ufe0fEl techo protege de la lluvia<br \/>\nEl agua de lluvia se conduce internamente por la columna y descarga a nivel de piso.<\/h4>\n<h4>El sistema de desag\u00fce del techo est\u00e1 integrado y oculto, funcionando como una canaleta interna dentro de la estructura.<\/h4>\n<h4>En la base de la columna se dispone un orificio de salida que permite el drenaje final del agua<\/h4>\n<h4>El Gazebo incluye una cortina deslizante (verticalmente) de 3mts y una de 4 mts (en caso de querer los 4 lados con cortina se puede consultar)<\/h4>\n<h4>\ud83d\udd29Incluye\u00a0 brocas para amurar al piso.<\/h4>\n<h4>Las cortinas se suben y bajan con\u00a0 una soga adherida a la misma, las cortinas quedan fijas en cualquier altura que se quieran dejar.<\/h4>\n<h4>Para abrir y cerrar el techo tiene una manivela igual que el sistema de los toldos<\/h4>\n<h4>&#8211; Material:<strong> Aluminio<\/strong><\/h4>\n<h4>&#8211; Colores Disponibles: Antracita<\/h4>\n<h4>Medidas:\u00a0 3\u00a0 \u00a0profundidad x 4\u00a0 largo x 2,50 altura mts.<\/h4>\n","protected":false},"excerpt":{"rendered":"<p>Caracter\u00edsticas: Gazebo Tunez \ud83c\udf27\ufe0fEl techo protege de la lluvia El agua de lluvia se conduce internamente por la columna y descarga a nivel de piso. El sistema de desag\u00fce del techo est\u00e1 integrado y oculto, funcionando como una canaleta interna dentro de la estructura. En la base de la columna se dispone un orificio de [&hellip;]<\/p>\n","protected":false},"featured_media":10399,"template":"","meta":{"_genesis_hide_title":false,"_genesis_hide_breadcrumbs":false,"_genesis_hide_singular_image":false,"_genesis_hide_footer_widgets":false,"_genesis_custom_body_class":"","_genesis_custom_post_class":"","_genesis_layout":""},"product_cat":[20,128],"product_tag":[],"yoast_head":"<!-- This site is optimized with the Yoast SEO plugin v19.6.1 - https:\/\/yoast.com\/wordpress\/plugins\/seo\/ -->\n<title>Gazebo Tunez - Casa Nu\u00f1ez Jard\u00edn<\/title>\n<meta name=\"description\" content=\"Gazebo Tunez de aluminio color antracita, 3x4 m y 2,5 m de alto. Techo con desag\u00fce oculto, cortinas deslizantes y sistema de apertura con manivela. Ideal para exterior y lluvia.\" \/>\n<meta name=\"robots\" content=\"index, follow, max-snippet:-1, max-image-preview:large, max-video-preview:-1\" \/>\n<link rel=\"canonical\" href=\"https:\/\/www.casanunez.com.ar\/catalogo\/producto\/gazebo-tunez\/\" \/>\n<meta property=\"og:locale\" content=\"es_ES\" \/>\n<meta property=\"og:type\" content=\"article\" \/>\n<meta property=\"og:title\" content=\"Gazebo Tunez - Casa Nu\u00f1ez Jard\u00edn\" \/>\n<meta property=\"og:description\" content=\"Gazebo Tunez de aluminio color antracita, 3x4 m y 2,5 m de alto. Techo con desag\u00fce oculto, cortinas deslizantes y sistema de apertura con manivela. Ideal para exterior y lluvia.\" \/>\n<meta property=\"og:url\" content=\"https:\/\/www.casanunez.com.ar\/catalogo\/producto\/gazebo-tunez\/\" \/>\n<meta property=\"og:site_name\" content=\"Casa Nu\u00f1ez Jard\u00edn\" \/>\n<meta property=\"og:image\" content=\"https:\/\/www.casanunez.com.ar\/catalogo\/wp-content\/uploads\/2026\/02\/GAZEBO-TUNEZ-0001-1.png\" \/>\n\t<meta property=\"og:image:width\" content=\"1024\" \/>\n\t<meta property=\"og:image:height\" content=\"1536\" \/>\n\t<meta property=\"og:image:type\" content=\"image\/png\" \/>\n<meta name=\"twitter:card\" content=\"summary_large_image\" \/>\n<meta name=\"twitter:label1\" content=\"Tiempo de lectura\" \/>\n\t<meta name=\"twitter:data1\" content=\"1 minuto\" \/>\n<script type=\"application\/ld+json\" class=\"yoast-schema-graph\">{\"@context\":\"https:\/\/schema.org\",\"@graph\":[{\"@type\":\"WebPage\",\"@id\":\"https:\/\/www.casanunez.com.ar\/catalogo\/producto\/gazebo-tunez\/\",\"url\":\"https:\/\/www.casanunez.com.ar\/catalogo\/producto\/gazebo-tunez\/\",\"name\":\"Gazebo Tunez - Casa Nu\u00f1ez Jard\u00edn\",\"isPartOf\":{\"@id\":\"https:\/\/www.casanunez.com.ar\/catalogo\/#website\"},\"datePublished\":\"2026-02-05T14:34:55+00:00\",\"dateModified\":\"2026-02-05T14:34:55+00:00\",\"description\":\"Gazebo Tunez de aluminio color antracita, 3x4 m y 2,5 m de alto. Techo con desag\u00fce oculto, cortinas deslizantes y sistema de apertura con manivela. Ideal para exterior y lluvia.\",\"breadcrumb\":{\"@id\":\"https:\/\/www.casanunez.com.ar\/catalogo\/producto\/gazebo-tunez\/#breadcrumb\"},\"inLanguage\":\"es\",\"potentialAction\":[{\"@type\":\"ReadAction\",\"target\":[\"https:\/\/www.casanunez.com.ar\/catalogo\/producto\/gazebo-tunez\/\"]}]},{\"@type\":\"BreadcrumbList\",\"@id\":\"https:\/\/www.casanunez.com.ar\/catalogo\/producto\/gazebo-tunez\/#breadcrumb\",\"itemListElement\":[{\"@type\":\"ListItem\",\"position\":1,\"name\":\"Portada\",\"item\":\"https:\/\/www.casanunez.com.ar\/catalogo\/\"},{\"@type\":\"ListItem\",\"position\":2,\"name\":\"Cat\u00e1logo\",\"item\":\"https:\/\/www.casanunez.com.ar\/catalogo\/\"},{\"@type\":\"ListItem\",\"position\":3,\"name\":\"Gazebo Tunez\"}]},{\"@type\":\"WebSite\",\"@id\":\"https:\/\/www.casanunez.com.ar\/catalogo\/#website\",\"url\":\"https:\/\/www.casanunez.com.ar\/catalogo\/\",\"name\":\"Casa Nu\u00f1ez Jard\u00edn\",\"description\":\"\",\"publisher\":{\"@id\":\"https:\/\/www.casanunez.com.ar\/catalogo\/#organization\"},\"potentialAction\":[{\"@type\":\"SearchAction\",\"target\":{\"@type\":\"EntryPoint\",\"urlTemplate\":\"https:\/\/www.casanunez.com.ar\/catalogo\/?s={search_term_string}\"},\"query-input\":\"required name=search_term_string\"}],\"inLanguage\":\"es\"},{\"@type\":\"Organization\",\"@id\":\"https:\/\/www.casanunez.com.ar\/catalogo\/#organization\",\"name\":\"Casa Nu\u00f1ez Jard\u00edn\",\"url\":\"https:\/\/www.casanunez.com.ar\/catalogo\/\",\"sameAs\":[],\"logo\":{\"@type\":\"ImageObject\",\"inLanguage\":\"es\",\"@id\":\"https:\/\/www.casanunez.com.ar\/catalogo\/#\/schema\/logo\/image\/\",\"url\":\"https:\/\/www.casanunez.com.ar\/catalogo\/wp-content\/uploads\/2025\/07\/cropped-CN-LOGO-SIN-FONDO-MINI.png\",\"contentUrl\":\"https:\/\/www.casanunez.com.ar\/catalogo\/wp-content\/uploads\/2025\/07\/cropped-CN-LOGO-SIN-FONDO-MINI.png\",\"width\":464,\"height\":177,\"caption\":\"Casa Nu\u00f1ez Jard\u00edn\"},\"image\":{\"@id\":\"https:\/\/www.casanunez.com.ar\/catalogo\/#\/schema\/logo\/image\/\"}}]}<\/script>\n<!-- \/ Yoast SEO plugin. -->","yoast_head_json":{"title":"Gazebo Tunez - Casa Nu\u00f1ez Jard\u00edn","description":"Gazebo Tunez de aluminio color antracita, 3x4 m y 2,5 m de alto. Techo con desag\u00fce oculto, cortinas deslizantes y sistema de apertura con manivela. Ideal para exterior y lluvia.","robots":{"index":"index","follow":"follow","max-snippet":"max-snippet:-1","max-image-preview":"max-image-preview:large","max-video-preview":"max-video-preview:-1"},"canonical":"https:\/\/www.casanunez.com.ar\/catalogo\/producto\/gazebo-tunez\/","og_locale":"es_ES","og_type":"article","og_title":"Gazebo Tunez - Casa Nu\u00f1ez Jard\u00edn","og_description":"Gazebo Tunez de aluminio color antracita, 3x4 m y 2,5 m de alto. Techo con desag\u00fce oculto, cortinas deslizantes y sistema de apertura con manivela. Ideal para exterior y lluvia.","og_url":"https:\/\/www.casanunez.com.ar\/catalogo\/producto\/gazebo-tunez\/","og_site_name":"Casa Nu\u00f1ez Jard\u00edn","og_image":[{"width":1024,"height":1536,"url":"https:\/\/www.casanunez.com.ar\/catalogo\/wp-content\/uploads\/2026\/02\/GAZEBO-TUNEZ-0001-1.png","type":"image\/png"}],"twitter_card":"summary_large_image","twitter_misc":{"Tiempo de lectura":"1 minuto"},"schema":{"@context":"https:\/\/schema.org","@graph":[{"@type":"WebPage","@id":"https:\/\/www.casanunez.com.ar\/catalogo\/producto\/gazebo-tunez\/","url":"https:\/\/www.casanunez.com.ar\/catalogo\/producto\/gazebo-tunez\/","name":"Gazebo Tunez - Casa Nu\u00f1ez Jard\u00edn","isPartOf":{"@id":"https:\/\/www.casanunez.com.ar\/catalogo\/#website"},"datePublished":"2026-02-05T14:34:55+00:00","dateModified":"2026-02-05T14:34:55+00:00","description":"Gazebo Tunez de aluminio color antracita, 3x4 m y 2,5 m de alto. Techo con desag\u00fce oculto, cortinas deslizantes y sistema de apertura con manivela. Ideal para exterior y lluvia.","breadcrumb":{"@id":"https:\/\/www.casanunez.com.ar\/catalogo\/producto\/gazebo-tunez\/#breadcrumb"},"inLanguage":"es","potentialAction":[{"@type":"ReadAction","target":["https:\/\/www.casanunez.com.ar\/catalogo\/producto\/gazebo-tunez\/"]}]},{"@type":"BreadcrumbList","@id":"https:\/\/www.casanunez.com.ar\/catalogo\/producto\/gazebo-tunez\/#breadcrumb","itemListElement":[{"@type":"ListItem","position":1,"name":"Portada","item":"https:\/\/www.casanunez.com.ar\/catalogo\/"},{"@type":"ListItem","position":2,"name":"Cat\u00e1logo","item":"https:\/\/www.casanunez.com.ar\/catalogo\/"},{"@type":"ListItem","position":3,"name":"Gazebo Tunez"}]},{"@type":"WebSite","@id":"https:\/\/www.casanunez.com.ar\/catalogo\/#website","url":"https:\/\/www.casanunez.com.ar\/catalogo\/","name":"Casa Nu\u00f1ez Jard\u00edn","description":"","publisher":{"@id":"https:\/\/www.casanunez.com.ar\/catalogo\/#organization"},"potentialAction":[{"@type":"SearchAction","target":{"@type":"EntryPoint","urlTemplate":"https:\/\/www.casanunez.com.ar\/catalogo\/?s={search_term_string}"},"query-input":"required name=search_term_string"}],"inLanguage":"es"},{"@type":"Organization","@id":"https:\/\/www.casanunez.com.ar\/catalogo\/#organization","name":"Casa Nu\u00f1ez Jard\u00edn","url":"https:\/\/www.casanunez.com.ar\/catalogo\/","sameAs":[],"logo":{"@type":"ImageObject","inLanguage":"es","@id":"https:\/\/www.casanunez.com.ar\/catalogo\/#\/schema\/logo\/image\/","url":"https:\/\/www.casanunez.com.ar\/catalogo\/wp-content\/uploads\/2025\/07\/cropped-CN-LOGO-SIN-FONDO-MINI.png","contentUrl":"https:\/\/www.casanunez.com.ar\/catalogo\/wp-content\/uploads\/2025\/07\/cropped-CN-LOGO-SIN-FONDO-MINI.png","width":464,"height":177,"caption":"Casa Nu\u00f1ez Jard\u00edn"},"image":{"@id":"https:\/\/www.casanunez.com.ar\/catalogo\/#\/schema\/logo\/image\/"}}]}},"_links":{"self":[{"href":"https:\/\/www.casanunez.com.ar\/catalogo\/wp-json\/wp\/v2\/product\/10395"}],"collection":[{"href":"https:\/\/www.casanunez.com.ar\/catalogo\/wp-json\/wp\/v2\/product"}],"about":[{"href":"https:\/\/www.casanunez.com.ar\/catalogo\/wp-json\/wp\/v2\/types\/product"}],"wp:featuredmedia":[{"embeddable":true,"href":"https:\/\/www.casanunez.com.ar\/catalogo\/wp-json\/wp\/v2\/media\/10399"}],"wp:attachment":[{"href":"https:\/\/www.casanunez.com.ar\/catalogo\/wp-json\/wp\/v2\/media?parent=10395"}],"wp:term":[{"taxonomy":"product_cat","embeddable":true,"href":"https:\/\/www.casanunez.com.ar\/catalogo\/wp-json\/wp\/v2\/product_cat?post=10395"},{"taxonomy":"product_tag","embeddable":true,"href":"https:\/\/www.casanunez.com.ar\/catalogo\/wp-json\/wp\/v2\/product_tag?post=10395"}],"curies":[{"name":"wp","href":"https:\/\/api.w.org\/{rel}","templated":true}]}}