{"id":10407,"date":"2026-02-11T10:30:11","date_gmt":"2026-02-11T13:30:11","guid":{"rendered":"https:\/\/www.casanunez.com.ar\/catalogo\/?post_type=product&#038;p=10407"},"modified":"2026-03-21T12:50:44","modified_gmt":"2026-03-21T15:50:44","slug":"sofa-living-theo","status":"publish","type":"product","link":"https:\/\/www.casanunez.com.ar\/catalogo\/producto\/sofa-living-theo\/","title":{"rendered":"Sofa Living  THEO"},"content":{"rendered":"<h4 data-start=\"92\" data-end=\"361\">Juego de living exterior modular fabricado en <strong data-start=\"138\" data-end=\"164\">estructura de aluminio<\/strong>, liviano y resistente a la intemperie.<br \/>\nCuenta con <strong data-start=\"215\" data-end=\"237\">tapicer\u00eda acr\u00edlica<\/strong> rellena con <strong data-start=\"250\" data-end=\"298\">goma espuma de alta densidad y secado r\u00e1pido<\/strong>, pensada para m\u00e1ximo confort y uso outdoor sin complicaciones.<\/h4>\n<h4 data-start=\"363\" data-end=\"399\">\u200e \u200e \u200e \u200e \u200e \u200e<\/h4>\n<h4 data-start=\"363\" data-end=\"399\">\u200e \u200e \u200e \u200e \u200e \u200e \u200e \u200e \u200e \u200e \u200e \u200e \u200e \u200e \u200e \u200e \u200e \u200e \u200e \u200e \u200e \u200e \u200e<\/h4>\n<h4 data-start=\"363\" data-end=\"399\">El conjunto incluye <strong data-start=\"383\" data-end=\"396\">5 m\u00f3dulos<\/strong>:<\/h4>\n<ul data-start=\"400\" data-end=\"500\">\n<li data-start=\"400\" data-end=\"420\">\n<h4 data-start=\"402\" data-end=\"420\">2 m\u00f3dulos dobles<\/h4>\n<\/li>\n<li data-start=\"421\" data-end=\"443\">\n<h4 data-start=\"423\" data-end=\"443\">1 m\u00f3dulo esquinero<\/h4>\n<\/li>\n<li data-start=\"444\" data-end=\"500\">\n<h4 data-start=\"446\" data-end=\"500\">1 m\u00f3dulo individual, <strong data-start=\"467\" data-end=\"498\">reubicable seg\u00fan el espacio<\/strong><\/h4>\n<\/li>\n<\/ul>\n<h4 data-start=\"502\" data-end=\"632\">Se completa con <strong data-start=\"518\" data-end=\"541\">3 mesas de aluminio<\/strong>: una mesa principal y dos auxiliares <strong data-start=\"579\" data-end=\"591\">no fijas<\/strong>, que permiten distintas configuraciones.<\/h4>\n<p>\u200e \u200e \u200e \u200e \u200e \u200e \u200e \u200e \u200e \u200e \u200e \u200e \u200e \u200e \u200e \u200e \u200e \u200e \u200e \u200e \u200e \u200e \u200e \u200e \u200e \u200e \u200e \u200e \u200e \u200e \u200e \u200e \u200e \u200e \u200e \u200e \u200e \u200e \u200e \u200e \u200e<\/p>\n<p>\u200e \u200e \u200e \u200e \u200e \u200e \u200e \u200e \u200e \u200e \u200e \u200e \u200e \u200e \u200e \u200e \u200e \u200e \u200e \u200e \u200e \u200e \u200e \u200e \u200e \u200e \u200e \u200e \u200e \u200e \u200e \u200e \u200e \u200e \u200e \u200e \u200e \u200e \u200e \u200e<\/p>\n<h4>Medidas:<\/h4>\n<ul data-start=\"649\" data-end=\"802\">\n<li data-start=\"649\" data-end=\"674\">\n<h3 data-start=\"651\" data-end=\"674\">Esquinero: 80 \u00d7 80 cm<\/h3>\n<\/li>\n<li data-start=\"675\" data-end=\"704\">\n<h3 data-start=\"677\" data-end=\"704\">M\u00f3dulo doble: 140 \u00d7 80 cm<\/h3>\n<\/li>\n<li data-start=\"705\" data-end=\"738\">\n<h3 data-start=\"707\" data-end=\"738\">M\u00f3dulo individual: 70 \u00d7 80 cm<\/h3>\n<\/li>\n<li data-start=\"739\" data-end=\"771\">\n<h3 data-start=\"741\" data-end=\"771\">Mesas auxiliares: 80 \u00d7 40 cm<\/h3>\n<\/li>\n<li data-start=\"772\" data-end=\"802\">\n<h3 data-start=\"774\" data-end=\"802\">Mesa principal: 80 \u00d7 80 cm<\/h3>\n<\/li>\n<\/ul>\n<h3 data-start=\"804\" data-end=\"917\">Ideal para terrazas, galer\u00edas y espacios exteriores modernos, combinando <strong data-start=\"877\" data-end=\"916\">dise\u00f1o, funcionalidad y durabilidad<\/strong>.<\/h3>\n","protected":false},"excerpt":{"rendered":"<p>Juego de living exterior modular fabricado en estructura de aluminio, liviano y resistente a la intemperie. Cuenta con tapicer\u00eda acr\u00edlica rellena con goma espuma de alta densidad y secado r\u00e1pido, pensada para m\u00e1ximo confort y uso outdoor sin complicaciones. \u200e \u200e \u200e \u200e \u200e \u200e \u200e \u200e \u200e \u200e \u200e \u200e \u200e \u200e \u200e \u200e [&hellip;]<\/p>\n","protected":false},"featured_media":10416,"template":"","meta":{"_genesis_hide_title":false,"_genesis_hide_breadcrumbs":false,"_genesis_hide_singular_image":false,"_genesis_hide_footer_widgets":false,"_genesis_custom_body_class":"","_genesis_custom_post_class":"","_genesis_layout":"full-width-content"},"product_cat":[17,113],"product_tag":[],"yoast_head":"<!-- This site is optimized with the Yoast SEO plugin v19.6.1 - https:\/\/yoast.com\/wordpress\/plugins\/seo\/ -->\n<title>Sofa Living THEO - Casa Nu\u00f1ez Jard\u00edn<\/title>\n<meta name=\"description\" content=\"Juego de living exterior modular fabricado en estructura de aluminio, liviano y resistente a la intemperie. Cuenta con tapicer\u00eda acr\u00edlica rellena con goma espuma de alta densidad y secado r\u00e1pido, pensada para m\u00e1ximo confort y uso outdoor sin complicaciones.\" \/>\n<meta name=\"robots\" content=\"index, follow, max-snippet:-1, max-image-preview:large, max-video-preview:-1\" \/>\n<link rel=\"canonical\" href=\"https:\/\/www.casanunez.com.ar\/catalogo\/producto\/sofa-living-theo\/\" \/>\n<meta property=\"og:locale\" content=\"es_ES\" \/>\n<meta property=\"og:type\" content=\"article\" \/>\n<meta property=\"og:title\" content=\"Sofa Living THEO - Casa Nu\u00f1ez Jard\u00edn\" \/>\n<meta property=\"og:description\" content=\"Juego de living exterior modular fabricado en estructura de aluminio, liviano y resistente a la intemperie. Cuenta con tapicer\u00eda acr\u00edlica rellena con goma espuma de alta densidad y secado r\u00e1pido, pensada para m\u00e1ximo confort y uso outdoor sin complicaciones.\" \/>\n<meta property=\"og:url\" content=\"https:\/\/www.casanunez.com.ar\/catalogo\/producto\/sofa-living-theo\/\" \/>\n<meta property=\"og:site_name\" content=\"Casa Nu\u00f1ez Jard\u00edn\" \/>\n<meta property=\"article:modified_time\" content=\"2026-03-21T15:50:44+00:00\" \/>\n<meta property=\"og:image\" content=\"https:\/\/www.casanunez.com.ar\/catalogo\/wp-content\/uploads\/2026\/02\/SOFA-THEO-1-1.jpg\" \/>\n\t<meta property=\"og:image:width\" content=\"1536\" \/>\n\t<meta property=\"og:image:height\" content=\"1024\" \/>\n\t<meta property=\"og:image:type\" content=\"image\/jpeg\" \/>\n<meta name=\"twitter:card\" content=\"summary_large_image\" \/>\n<meta name=\"twitter:label1\" content=\"Tiempo de lectura\" \/>\n\t<meta name=\"twitter:data1\" content=\"2 minutos\" \/>\n<script type=\"application\/ld+json\" class=\"yoast-schema-graph\">{\"@context\":\"https:\/\/schema.org\",\"@graph\":[{\"@type\":\"WebPage\",\"@id\":\"https:\/\/www.casanunez.com.ar\/catalogo\/producto\/sofa-living-theo\/\",\"url\":\"https:\/\/www.casanunez.com.ar\/catalogo\/producto\/sofa-living-theo\/\",\"name\":\"Sofa Living THEO - Casa Nu\u00f1ez Jard\u00edn\",\"isPartOf\":{\"@id\":\"https:\/\/www.casanunez.com.ar\/catalogo\/#website\"},\"datePublished\":\"2026-02-11T13:30:11+00:00\",\"dateModified\":\"2026-03-21T15:50:44+00:00\",\"description\":\"Juego de living exterior modular fabricado en estructura de aluminio, liviano y resistente a la intemperie. Cuenta con tapicer\u00eda acr\u00edlica rellena con goma espuma de alta densidad y secado r\u00e1pido, pensada para m\u00e1ximo confort y uso outdoor sin complicaciones.\",\"breadcrumb\":{\"@id\":\"https:\/\/www.casanunez.com.ar\/catalogo\/producto\/sofa-living-theo\/#breadcrumb\"},\"inLanguage\":\"es\",\"potentialAction\":[{\"@type\":\"ReadAction\",\"target\":[\"https:\/\/www.casanunez.com.ar\/catalogo\/producto\/sofa-living-theo\/\"]}]},{\"@type\":\"BreadcrumbList\",\"@id\":\"https:\/\/www.casanunez.com.ar\/catalogo\/producto\/sofa-living-theo\/#breadcrumb\",\"itemListElement\":[{\"@type\":\"ListItem\",\"position\":1,\"name\":\"Portada\",\"item\":\"https:\/\/www.casanunez.com.ar\/catalogo\/\"},{\"@type\":\"ListItem\",\"position\":2,\"name\":\"Cat\u00e1logo\",\"item\":\"https:\/\/www.casanunez.com.ar\/catalogo\/\"},{\"@type\":\"ListItem\",\"position\":3,\"name\":\"Sofa Living THEO\"}]},{\"@type\":\"WebSite\",\"@id\":\"https:\/\/www.casanunez.com.ar\/catalogo\/#website\",\"url\":\"https:\/\/www.casanunez.com.ar\/catalogo\/\",\"name\":\"Casa Nu\u00f1ez Jard\u00edn\",\"description\":\"\",\"publisher\":{\"@id\":\"https:\/\/www.casanunez.com.ar\/catalogo\/#organization\"},\"potentialAction\":[{\"@type\":\"SearchAction\",\"target\":{\"@type\":\"EntryPoint\",\"urlTemplate\":\"https:\/\/www.casanunez.com.ar\/catalogo\/?s={search_term_string}\"},\"query-input\":\"required name=search_term_string\"}],\"inLanguage\":\"es\"},{\"@type\":\"Organization\",\"@id\":\"https:\/\/www.casanunez.com.ar\/catalogo\/#organization\",\"name\":\"Casa Nu\u00f1ez Jard\u00edn\",\"url\":\"https:\/\/www.casanunez.com.ar\/catalogo\/\",\"sameAs\":[],\"logo\":{\"@type\":\"ImageObject\",\"inLanguage\":\"es\",\"@id\":\"https:\/\/www.casanunez.com.ar\/catalogo\/#\/schema\/logo\/image\/\",\"url\":\"https:\/\/www.casanunez.com.ar\/catalogo\/wp-content\/uploads\/2025\/07\/cropped-CN-LOGO-SIN-FONDO-MINI.png\",\"contentUrl\":\"https:\/\/www.casanunez.com.ar\/catalogo\/wp-content\/uploads\/2025\/07\/cropped-CN-LOGO-SIN-FONDO-MINI.png\",\"width\":464,\"height\":177,\"caption\":\"Casa Nu\u00f1ez Jard\u00edn\"},\"image\":{\"@id\":\"https:\/\/www.casanunez.com.ar\/catalogo\/#\/schema\/logo\/image\/\"}}]}<\/script>\n<!-- \/ Yoast SEO plugin. -->","yoast_head_json":{"title":"Sofa Living THEO - Casa Nu\u00f1ez Jard\u00edn","description":"Juego de living exterior modular fabricado en estructura de aluminio, liviano y resistente a la intemperie. Cuenta con tapicer\u00eda acr\u00edlica rellena con goma espuma de alta densidad y secado r\u00e1pido, pensada para m\u00e1ximo confort y uso outdoor sin complicaciones.","robots":{"index":"index","follow":"follow","max-snippet":"max-snippet:-1","max-image-preview":"max-image-preview:large","max-video-preview":"max-video-preview:-1"},"canonical":"https:\/\/www.casanunez.com.ar\/catalogo\/producto\/sofa-living-theo\/","og_locale":"es_ES","og_type":"article","og_title":"Sofa Living THEO - Casa Nu\u00f1ez Jard\u00edn","og_description":"Juego de living exterior modular fabricado en estructura de aluminio, liviano y resistente a la intemperie. Cuenta con tapicer\u00eda acr\u00edlica rellena con goma espuma de alta densidad y secado r\u00e1pido, pensada para m\u00e1ximo confort y uso outdoor sin complicaciones.","og_url":"https:\/\/www.casanunez.com.ar\/catalogo\/producto\/sofa-living-theo\/","og_site_name":"Casa Nu\u00f1ez Jard\u00edn","article_modified_time":"2026-03-21T15:50:44+00:00","og_image":[{"width":1536,"height":1024,"url":"https:\/\/www.casanunez.com.ar\/catalogo\/wp-content\/uploads\/2026\/02\/SOFA-THEO-1-1.jpg","type":"image\/jpeg"}],"twitter_card":"summary_large_image","twitter_misc":{"Tiempo de lectura":"2 minutos"},"schema":{"@context":"https:\/\/schema.org","@graph":[{"@type":"WebPage","@id":"https:\/\/www.casanunez.com.ar\/catalogo\/producto\/sofa-living-theo\/","url":"https:\/\/www.casanunez.com.ar\/catalogo\/producto\/sofa-living-theo\/","name":"Sofa Living THEO - Casa Nu\u00f1ez Jard\u00edn","isPartOf":{"@id":"https:\/\/www.casanunez.com.ar\/catalogo\/#website"},"datePublished":"2026-02-11T13:30:11+00:00","dateModified":"2026-03-21T15:50:44+00:00","description":"Juego de living exterior modular fabricado en estructura de aluminio, liviano y resistente a la intemperie. Cuenta con tapicer\u00eda acr\u00edlica rellena con goma espuma de alta densidad y secado r\u00e1pido, pensada para m\u00e1ximo confort y uso outdoor sin complicaciones.","breadcrumb":{"@id":"https:\/\/www.casanunez.com.ar\/catalogo\/producto\/sofa-living-theo\/#breadcrumb"},"inLanguage":"es","potentialAction":[{"@type":"ReadAction","target":["https:\/\/www.casanunez.com.ar\/catalogo\/producto\/sofa-living-theo\/"]}]},{"@type":"BreadcrumbList","@id":"https:\/\/www.casanunez.com.ar\/catalogo\/producto\/sofa-living-theo\/#breadcrumb","itemListElement":[{"@type":"ListItem","position":1,"name":"Portada","item":"https:\/\/www.casanunez.com.ar\/catalogo\/"},{"@type":"ListItem","position":2,"name":"Cat\u00e1logo","item":"https:\/\/www.casanunez.com.ar\/catalogo\/"},{"@type":"ListItem","position":3,"name":"Sofa Living THEO"}]},{"@type":"WebSite","@id":"https:\/\/www.casanunez.com.ar\/catalogo\/#website","url":"https:\/\/www.casanunez.com.ar\/catalogo\/","name":"Casa Nu\u00f1ez Jard\u00edn","description":"","publisher":{"@id":"https:\/\/www.casanunez.com.ar\/catalogo\/#organization"},"potentialAction":[{"@type":"SearchAction","target":{"@type":"EntryPoint","urlTemplate":"https:\/\/www.casanunez.com.ar\/catalogo\/?s={search_term_string}"},"query-input":"required name=search_term_string"}],"inLanguage":"es"},{"@type":"Organization","@id":"https:\/\/www.casanunez.com.ar\/catalogo\/#organization","name":"Casa Nu\u00f1ez Jard\u00edn","url":"https:\/\/www.casanunez.com.ar\/catalogo\/","sameAs":[],"logo":{"@type":"ImageObject","inLanguage":"es","@id":"https:\/\/www.casanunez.com.ar\/catalogo\/#\/schema\/logo\/image\/","url":"https:\/\/www.casanunez.com.ar\/catalogo\/wp-content\/uploads\/2025\/07\/cropped-CN-LOGO-SIN-FONDO-MINI.png","contentUrl":"https:\/\/www.casanunez.com.ar\/catalogo\/wp-content\/uploads\/2025\/07\/cropped-CN-LOGO-SIN-FONDO-MINI.png","width":464,"height":177,"caption":"Casa Nu\u00f1ez Jard\u00edn"},"image":{"@id":"https:\/\/www.casanunez.com.ar\/catalogo\/#\/schema\/logo\/image\/"}}]}},"_links":{"self":[{"href":"https:\/\/www.casanunez.com.ar\/catalogo\/wp-json\/wp\/v2\/product\/10407"}],"collection":[{"href":"https:\/\/www.casanunez.com.ar\/catalogo\/wp-json\/wp\/v2\/product"}],"about":[{"href":"https:\/\/www.casanunez.com.ar\/catalogo\/wp-json\/wp\/v2\/types\/product"}],"wp:featuredmedia":[{"embeddable":true,"href":"https:\/\/www.casanunez.com.ar\/catalogo\/wp-json\/wp\/v2\/media\/10416"}],"wp:attachment":[{"href":"https:\/\/www.casanunez.com.ar\/catalogo\/wp-json\/wp\/v2\/media?parent=10407"}],"wp:term":[{"taxonomy":"product_cat","embeddable":true,"href":"https:\/\/www.casanunez.com.ar\/catalogo\/wp-json\/wp\/v2\/product_cat?post=10407"},{"taxonomy":"product_tag","embeddable":true,"href":"https:\/\/www.casanunez.com.ar\/catalogo\/wp-json\/wp\/v2\/product_tag?post=10407"}],"curies":[{"name":"wp","href":"https:\/\/api.w.org\/{rel}","templated":true}]}}