{"id":411,"date":"2019-01-02T15:21:59","date_gmt":"2019-01-02T18:21:59","guid":{"rendered":"https:\/\/www.prowebsrl.com\/wp07\/catalogo\/?post_type=product&#038;p=411"},"modified":"2021-07-08T13:09:28","modified_gmt":"2021-07-08T16:09:28","slug":"sillon-ventura-3-cuerpos","status":"publish","type":"product","link":"https:\/\/www.casanunez.com.ar\/catalogo\/producto\/sillon-ventura-3-cuerpos\/","title":{"rendered":"Sofa Ventura tres cuerpos"},"content":{"rendered":"<p>Caracter\u00edsticas: Sof\u00e1 Ventura<br \/>\n&#8211; Disponible en: un cuerpo &#8211; dos cuerpos y tres cuerpos<br \/>\n&#8211; Estructura en madera Teca<br \/>\nMedidas: 0,73 profundidad x 1,93 ancho x 0,76 altura mts.<\/p>\n","protected":false},"excerpt":{"rendered":"<p>Caracter\u00edsticas: Sof\u00e1 Ventura &#8211; Disponible en: un cuerpo &#8211; dos cuerpos y tres cuerpos &#8211; Estructura en madera Teca Medidas: 0,73 profundidad x 1,93 ancho x 0,76 altura mts.<\/p>\n","protected":false},"featured_media":412,"template":"","meta":{"_genesis_hide_title":false,"_genesis_hide_breadcrumbs":false,"_genesis_hide_singular_image":false,"_genesis_hide_footer_widgets":false,"_genesis_custom_body_class":"","_genesis_custom_post_class":"","_genesis_layout":"full-width-content"},"product_cat":[36,41,65,71],"product_tag":[],"yoast_head":"<!-- This site is optimized with the Yoast SEO plugin v19.6.1 - https:\/\/yoast.com\/wordpress\/plugins\/seo\/ -->\n<title>Sofa Ventura tres cuerpos - Casa Nu\u00f1ez Jard\u00edn<\/title>\n<meta name=\"description\" content=\"Sill\u00f3n Ventura 3 cuerpos\" \/>\n<meta name=\"robots\" content=\"index, follow, max-snippet:-1, max-image-preview:large, max-video-preview:-1\" \/>\n<link rel=\"canonical\" href=\"https:\/\/www.casanunez.com.ar\/catalogo\/producto\/sillon-ventura-3-cuerpos\/\" \/>\n<meta property=\"og:locale\" content=\"es_ES\" \/>\n<meta property=\"og:type\" content=\"article\" \/>\n<meta property=\"og:title\" content=\"Sofa Ventura tres cuerpos - Casa Nu\u00f1ez Jard\u00edn\" \/>\n<meta property=\"og:description\" content=\"Sill\u00f3n Ventura 3 cuerpos\" \/>\n<meta property=\"og:url\" content=\"https:\/\/www.casanunez.com.ar\/catalogo\/producto\/sillon-ventura-3-cuerpos\/\" \/>\n<meta property=\"og:site_name\" content=\"Casa Nu\u00f1ez Jard\u00edn\" \/>\n<meta property=\"article:modified_time\" content=\"2021-07-08T16:09:28+00:00\" \/>\n<meta property=\"og:image\" content=\"https:\/\/www.casanunez.com.ar\/catalogo\/wp-content\/uploads\/2019\/01\/Sill\u00f3n-Ventura-3-cuerpos.jpg\" \/>\n\t<meta property=\"og:image:width\" content=\"484\" \/>\n\t<meta property=\"og:image:height\" content=\"274\" \/>\n\t<meta property=\"og:image:type\" content=\"image\/jpeg\" \/>\n<meta name=\"twitter:card\" content=\"summary_large_image\" \/>\n<script type=\"application\/ld+json\" class=\"yoast-schema-graph\">{\"@context\":\"https:\/\/schema.org\",\"@graph\":[{\"@type\":\"WebPage\",\"@id\":\"https:\/\/www.casanunez.com.ar\/catalogo\/producto\/sillon-ventura-3-cuerpos\/\",\"url\":\"https:\/\/www.casanunez.com.ar\/catalogo\/producto\/sillon-ventura-3-cuerpos\/\",\"name\":\"Sofa Ventura tres cuerpos - Casa Nu\u00f1ez Jard\u00edn\",\"isPartOf\":{\"@id\":\"https:\/\/www.casanunez.com.ar\/catalogo\/#website\"},\"datePublished\":\"2019-01-02T18:21:59+00:00\",\"dateModified\":\"2021-07-08T16:09:28+00:00\",\"description\":\"Sill\u00f3n Ventura 3 cuerpos\",\"breadcrumb\":{\"@id\":\"https:\/\/www.casanunez.com.ar\/catalogo\/producto\/sillon-ventura-3-cuerpos\/#breadcrumb\"},\"inLanguage\":\"es\",\"potentialAction\":[{\"@type\":\"ReadAction\",\"target\":[\"https:\/\/www.casanunez.com.ar\/catalogo\/producto\/sillon-ventura-3-cuerpos\/\"]}]},{\"@type\":\"BreadcrumbList\",\"@id\":\"https:\/\/www.casanunez.com.ar\/catalogo\/producto\/sillon-ventura-3-cuerpos\/#breadcrumb\",\"itemListElement\":[{\"@type\":\"ListItem\",\"position\":1,\"name\":\"Portada\",\"item\":\"https:\/\/www.casanunez.com.ar\/catalogo\/\"},{\"@type\":\"ListItem\",\"position\":2,\"name\":\"Cat\u00e1logo\",\"item\":\"https:\/\/www.casanunez.com.ar\/catalogo\/\"},{\"@type\":\"ListItem\",\"position\":3,\"name\":\"Sofa Ventura tres cuerpos\"}]},{\"@type\":\"WebSite\",\"@id\":\"https:\/\/www.casanunez.com.ar\/catalogo\/#website\",\"url\":\"https:\/\/www.casanunez.com.ar\/catalogo\/\",\"name\":\"Casa Nu\u00f1ez Jard\u00edn\",\"description\":\"\",\"publisher\":{\"@id\":\"https:\/\/www.casanunez.com.ar\/catalogo\/#organization\"},\"potentialAction\":[{\"@type\":\"SearchAction\",\"target\":{\"@type\":\"EntryPoint\",\"urlTemplate\":\"https:\/\/www.casanunez.com.ar\/catalogo\/?s={search_term_string}\"},\"query-input\":\"required name=search_term_string\"}],\"inLanguage\":\"es\"},{\"@type\":\"Organization\",\"@id\":\"https:\/\/www.casanunez.com.ar\/catalogo\/#organization\",\"name\":\"Casa Nu\u00f1ez Jard\u00edn\",\"url\":\"https:\/\/www.casanunez.com.ar\/catalogo\/\",\"sameAs\":[],\"logo\":{\"@type\":\"ImageObject\",\"inLanguage\":\"es\",\"@id\":\"https:\/\/www.casanunez.com.ar\/catalogo\/#\/schema\/logo\/image\/\",\"url\":\"https:\/\/www.casanunez.com.ar\/catalogo\/wp-content\/uploads\/2025\/07\/cropped-CN-LOGO-SIN-FONDO-MINI.png\",\"contentUrl\":\"https:\/\/www.casanunez.com.ar\/catalogo\/wp-content\/uploads\/2025\/07\/cropped-CN-LOGO-SIN-FONDO-MINI.png\",\"width\":464,\"height\":177,\"caption\":\"Casa Nu\u00f1ez Jard\u00edn\"},\"image\":{\"@id\":\"https:\/\/www.casanunez.com.ar\/catalogo\/#\/schema\/logo\/image\/\"}}]}<\/script>\n<!-- \/ Yoast SEO plugin. -->","yoast_head_json":{"title":"Sofa Ventura tres cuerpos - Casa Nu\u00f1ez Jard\u00edn","description":"Sill\u00f3n Ventura 3 cuerpos","robots":{"index":"index","follow":"follow","max-snippet":"max-snippet:-1","max-image-preview":"max-image-preview:large","max-video-preview":"max-video-preview:-1"},"canonical":"https:\/\/www.casanunez.com.ar\/catalogo\/producto\/sillon-ventura-3-cuerpos\/","og_locale":"es_ES","og_type":"article","og_title":"Sofa Ventura tres cuerpos - Casa Nu\u00f1ez Jard\u00edn","og_description":"Sill\u00f3n Ventura 3 cuerpos","og_url":"https:\/\/www.casanunez.com.ar\/catalogo\/producto\/sillon-ventura-3-cuerpos\/","og_site_name":"Casa Nu\u00f1ez Jard\u00edn","article_modified_time":"2021-07-08T16:09:28+00:00","og_image":[{"width":484,"height":274,"url":"https:\/\/www.casanunez.com.ar\/catalogo\/wp-content\/uploads\/2019\/01\/Sill\u00f3n-Ventura-3-cuerpos.jpg","type":"image\/jpeg"}],"twitter_card":"summary_large_image","schema":{"@context":"https:\/\/schema.org","@graph":[{"@type":"WebPage","@id":"https:\/\/www.casanunez.com.ar\/catalogo\/producto\/sillon-ventura-3-cuerpos\/","url":"https:\/\/www.casanunez.com.ar\/catalogo\/producto\/sillon-ventura-3-cuerpos\/","name":"Sofa Ventura tres cuerpos - Casa Nu\u00f1ez Jard\u00edn","isPartOf":{"@id":"https:\/\/www.casanunez.com.ar\/catalogo\/#website"},"datePublished":"2019-01-02T18:21:59+00:00","dateModified":"2021-07-08T16:09:28+00:00","description":"Sill\u00f3n Ventura 3 cuerpos","breadcrumb":{"@id":"https:\/\/www.casanunez.com.ar\/catalogo\/producto\/sillon-ventura-3-cuerpos\/#breadcrumb"},"inLanguage":"es","potentialAction":[{"@type":"ReadAction","target":["https:\/\/www.casanunez.com.ar\/catalogo\/producto\/sillon-ventura-3-cuerpos\/"]}]},{"@type":"BreadcrumbList","@id":"https:\/\/www.casanunez.com.ar\/catalogo\/producto\/sillon-ventura-3-cuerpos\/#breadcrumb","itemListElement":[{"@type":"ListItem","position":1,"name":"Portada","item":"https:\/\/www.casanunez.com.ar\/catalogo\/"},{"@type":"ListItem","position":2,"name":"Cat\u00e1logo","item":"https:\/\/www.casanunez.com.ar\/catalogo\/"},{"@type":"ListItem","position":3,"name":"Sofa Ventura tres cuerpos"}]},{"@type":"WebSite","@id":"https:\/\/www.casanunez.com.ar\/catalogo\/#website","url":"https:\/\/www.casanunez.com.ar\/catalogo\/","name":"Casa Nu\u00f1ez Jard\u00edn","description":"","publisher":{"@id":"https:\/\/www.casanunez.com.ar\/catalogo\/#organization"},"potentialAction":[{"@type":"SearchAction","target":{"@type":"EntryPoint","urlTemplate":"https:\/\/www.casanunez.com.ar\/catalogo\/?s={search_term_string}"},"query-input":"required name=search_term_string"}],"inLanguage":"es"},{"@type":"Organization","@id":"https:\/\/www.casanunez.com.ar\/catalogo\/#organization","name":"Casa Nu\u00f1ez Jard\u00edn","url":"https:\/\/www.casanunez.com.ar\/catalogo\/","sameAs":[],"logo":{"@type":"ImageObject","inLanguage":"es","@id":"https:\/\/www.casanunez.com.ar\/catalogo\/#\/schema\/logo\/image\/","url":"https:\/\/www.casanunez.com.ar\/catalogo\/wp-content\/uploads\/2025\/07\/cropped-CN-LOGO-SIN-FONDO-MINI.png","contentUrl":"https:\/\/www.casanunez.com.ar\/catalogo\/wp-content\/uploads\/2025\/07\/cropped-CN-LOGO-SIN-FONDO-MINI.png","width":464,"height":177,"caption":"Casa Nu\u00f1ez Jard\u00edn"},"image":{"@id":"https:\/\/www.casanunez.com.ar\/catalogo\/#\/schema\/logo\/image\/"}}]}},"_links":{"self":[{"href":"https:\/\/www.casanunez.com.ar\/catalogo\/wp-json\/wp\/v2\/product\/411"}],"collection":[{"href":"https:\/\/www.casanunez.com.ar\/catalogo\/wp-json\/wp\/v2\/product"}],"about":[{"href":"https:\/\/www.casanunez.com.ar\/catalogo\/wp-json\/wp\/v2\/types\/product"}],"wp:featuredmedia":[{"embeddable":true,"href":"https:\/\/www.casanunez.com.ar\/catalogo\/wp-json\/wp\/v2\/media\/412"}],"wp:attachment":[{"href":"https:\/\/www.casanunez.com.ar\/catalogo\/wp-json\/wp\/v2\/media?parent=411"}],"wp:term":[{"taxonomy":"product_cat","embeddable":true,"href":"https:\/\/www.casanunez.com.ar\/catalogo\/wp-json\/wp\/v2\/product_cat?post=411"},{"taxonomy":"product_tag","embeddable":true,"href":"https:\/\/www.casanunez.com.ar\/catalogo\/wp-json\/wp\/v2\/product_tag?post=411"}],"curies":[{"name":"wp","href":"https:\/\/api.w.org\/{rel}","templated":true}]}}

<p>Características: Sofá Ventura<br />
&#8211; Disponible en: un cuerpo &#8211; dos cuerpos y tres cuerpos<br />
&#8211; Estructura en madera Teca<br />
Medidas: 0,73 profundidad x 1,93 ancho x 0,76 altura mts.</p>

<p>Características: Sofá Ventura &#8211; Disponible en: un cuerpo &#8211; dos cuerpos y tres cuerpos &#8211; Estructura en madera Teca Medidas: 0,73 profundidad x 1,93 ancho x 0,76 altura mts.</p>

<!-- This site is optimized with the Yoast SEO plugin v19.6.1 - https://yoast.com/wordpress/plugins/seo/ -->
<title>Sofa Ventura tres cuerpos - Casa Nuñez Jardín</title>
<meta name="description" content="Sillón Ventura 3 cuerpos" />
<meta name="robots" content="index, follow, max-snippet:-1, max-image-preview:large, max-video-preview:-1" />
<link rel="canonical" href="https://www.casanunez.com.ar/catalogo/producto/sillon-ventura-3-cuerpos/" />
<meta property="og:locale" content="es_ES" />
<meta property="og:type" content="article" />
<meta property="og:title" content="Sofa Ventura tres cuerpos - Casa Nuñez Jardín" />
<meta property="og:description" content="Sillón Ventura 3 cuerpos" />
<meta property="og:url" content="https://www.casanunez.com.ar/catalogo/producto/sillon-ventura-3-cuerpos/" />
<meta property="og:site_name" content="Casa Nuñez Jardín" />
<meta property="article:modified_time" content="2021-07-08T16:09:28+00:00" />
<meta property="og:image" content="https://www.casanunez.com.ar/catalogo/wp-content/uploads/2019/01/Sillón-Ventura-3-cuerpos.jpg" />
	<meta property="og:image:width" content="484" />
	<meta property="og:image:height" content="274" />
	<meta property="og:image:type" content="image/jpeg" />
<meta name="twitter:card" content="summary_large_image" />
<script type="application/ld+json" class="yoast-schema-graph">{"@context":"https://schema.org","@graph":[{"@type":"WebPage","@id":"https://www.casanunez.com.ar/catalogo/producto/sillon-ventura-3-cuerpos/","url":"https://www.casanunez.com.ar/catalogo/producto/sillon-ventura-3-cuerpos/","name":"Sofa Ventura tres cuerpos - Casa Nuñez Jardín","isPartOf":{"@id":"https://www.casanunez.com.ar/catalogo/#website"},"datePublished":"2019-01-02T18:21:59+00:00","dateModified":"2021-07-08T16:09:28+00:00","description":"Sillón Ventura 3 cuerpos","breadcrumb":{"@id":"https://www.casanunez.com.ar/catalogo/producto/sillon-ventura-3-cuerpos/#breadcrumb"},"inLanguage":"es","potentialAction":[{"@type":"ReadAction","target":["https://www.casanunez.com.ar/catalogo/producto/sillon-ventura-3-cuerpos/"]}]},{"@type":"BreadcrumbList","@id":"https://www.casanunez.com.ar/catalogo/producto/sillon-ventura-3-cuerpos/#breadcrumb","itemListElement":[{"@type":"ListItem","position":1,"name":"Portada","item":"https://www.casanunez.com.ar/catalogo/"},{"@type":"ListItem","position":2,"name":"Catálogo","item":"https://www.casanunez.com.ar/catalogo/"},{"@type":"ListItem","position":3,"name":"Sofa Ventura tres cuerpos"}]},{"@type":"WebSite","@id":"https://www.casanunez.com.ar/catalogo/#website","url":"https://www.casanunez.com.ar/catalogo/","name":"Casa Nuñez Jardín","description":"","publisher":{"@id":"https://www.casanunez.com.ar/catalogo/#organization"},"potentialAction":[{"@type":"SearchAction","target":{"@type":"EntryPoint","urlTemplate":"https://www.casanunez.com.ar/catalogo/?s={search_term_string}"},"query-input":"required name=search_term_string"}],"inLanguage":"es"},{"@type":"Organization","@id":"https://www.casanunez.com.ar/catalogo/#organization","name":"Casa Nuñez Jardín","url":"https://www.casanunez.com.ar/catalogo/","sameAs":[],"logo":{"@type":"ImageObject","inLanguage":"es","@id":"https://www.casanunez.com.ar/catalogo/#/schema/logo/image/","url":"https://www.casanunez.com.ar/catalogo/wp-content/uploads/2025/07/cropped-CN-LOGO-SIN-FONDO-MINI.png","contentUrl":"https://www.casanunez.com.ar/catalogo/wp-content/uploads/2025/07/cropped-CN-LOGO-SIN-FONDO-MINI.png","width":464,"height":177,"caption":"Casa Nuñez Jardín"},"image":{"@id":"https://www.casanunez.com.ar/catalogo/#/schema/logo/image/"}}]}</script>
<!-- / Yoast SEO plugin. -->

Sofa Ventura tres cuerpos - Casa Nuñez Jardín

Sillón Ventura 3 cuerpos

Casa Nuñez Jardín

https://www.casanunez.com.ar/catalogo/wp-content/uploads/2019/01/Sillón-Ventura-3-cuerpos.jpg

Catálogo
